 -33 + (-4184 - -4135)?
-83
-122 + (-70 - -53) + 85
-54
Calculate 29 - (57 - -2) - 0.
-30
Evaluate 24 - (27 - (22 + -15 + 17)).
21
Calculate -36 + 47 + -48 + -25.
-62
(7 - (12 + -31) - -5) + 105
136
What is (15 - (7 + 1 - -7)) + -129 + 19?
-110
What is the value of -1 - (7 + -3) - (-453 + 507)?
-59
(4 + -5 - 0 - 4) + (38 + 8 - 83)
-42
What is (54 - 5) + (-260 - -146)?
-65
What is -1 - -1 - -16 - (10 - (-41 - 0 - -48))?
13
What is the value of -72 + (46 - (-22 - -43))?
-47
-5 + 50 + -5 + -59 + 36
17
What is the value of (3 - (-9 + 25 - -8)) + -5?
-26
What is the value of 3 + -10 + (-9 - (-16 - (-13 - -1)))?
-12
What is the value of 5 + -1 + (27 + -1 + (44 - 60) - -2)?
16
(-38 - -39) + (4 - (19 - 6 - -6)) + 1
-13
Calculate -14 + -13 + (-20 - -8 - -4 - -18).
-17
Evaluate -19 + 3 - (3 + 29 + -11 + -18).
-19
Evaluate 0 - (4 - -32 - 69).
33
(6 - -25) + -608 + 673
96
What is 50 - 1 - ((3 - (-9 + 10)) + 12)?
35
Evaluate (-1 - -7) + -6 + 10.
10
Evaluate 20 + -9 + 12 - (38 + 7).
-22
What is 60 + -4 - (-1081 - -1114)?
23
What is (16 + -13 + 12 - (13 - -85)) + (1 - 16)?
-98
What is the value of -1 + 26 - (-3137 - -3158)?
4
What is (-21 + 54 - 7) + -23 + 12?
15
What is the value of -34 + 20 + 7 - (-5 + 7 + -61)?
52
Evaluate -32 + 56 - 40 - -46.
30
Evaluate (-20 + 58 + -12 - (5 + -2)) + -4.
19
What is the value of 0 - 37 - (195 + -233)?
1
What is 6 + (4 - 27) + 65 + -99 + 186?
135
What is the value of (110383 - 110383) + ((0 - -10) + -1 - -1)?
10
Calculate (-25 - 2) + -1205 + 1303 + -4.
67
Evaluate -5 + -2 + 13 + (-9 - (41 - (-18 - -21))).
-41
Calculate 24 - 7 - (-3 - -1 - (-229 + 240)).
30
What is the value of 4 + -20 + -7 - -1 - -9?
-13
Evaluate -66 - (8 + 6 + 1 + -11 + -20 + 9).
-59
Evaluate (50 - (-29 + 66)) + -5.
8
What is -4 + 10 + -6 + (-17 + -17 - -81)?
47
What is 2 + -4 + -2 - (1 - -17) - (32 + -31)?
-23
What is the value of (5 - -1) + 1 + -11 + 10 + -35 + 42?
13
-19 + (22 - 0) + (309 - 252)
60
Calculate (67 + -101 - 37) + 17.
-54
What is (-19 + (-51 - -44) - -134) + (1 - 16)?
93
What is 188 + (129 - 270) + -102?
-55
Evaluate -2 - ((1 + -4 - 8) + (20 - (2 + 1))).
-8
What is the value of 10 + (-11 + 32 - 14) + -12?
5
-6 + -10 + (11 + 31 - 14)
12
What is the value of (-19 - -90) + -27 - (11 - (-1 + -3))?
29
What is (-13 - ((3 - -12) + 1 + -16)) + -51?
-64
(201 - 206) + -1 + 0 - -143
137
Evaluate (49 - -14) + -158 + 158.
63
Calculate 87 + ((27 - 34) + -7 - (-3 - 0)).
76
What is 1 + -42 - (13 - (21 + (-25 - -30)))?
-28
What is -13 - -21 - 26 - -21 - -62?
65
Evaluate 35 + -7 + 1 + (88 - (20 - -47)).
50
-2 - (8 + (-21 + (19 - 8) - 35) - -8)
27
1 + 33 - (19 - 49 - (-58 - -36))
42
Evaluate 36 + 0 + -2 - (-8 + -55 + 18 + 41).
38
-4 + 1 - (49 + 1 - (-591 + 558))
-86
1 - 64 - (-5980 + 5960)
-43
What is 25 + 6 + -57 + 22 - (-4 + -12)?
12
Calculate (15 - (13 - 6 - 6) - 9 - -6) + -32.
-21
2 + -21 - (-289 + 254)
16
-64 + 57 + (-77 - -69)
-15
Calculate -62 - -13 - (3 + 11 + -33).
-30
Evaluate -147 - ((11 - 32) + -12) - -15.
-99
Calculate -64 + 102 + -100 + -10.
-72
What is -31 - (1 + 14 + -6 + -75 + 79)?
-44
Evaluate 52 + (66 - 67) + -6 + -1 + -1.
43
What is -36 + 25 + -10 + (-6 - -1 - -152)?
126
Evaluate -2 + 59 + 20 + 30.
107
What is 14 + 36 + -129 + 72 - (90 - -2)?
-99
Calculate (-90 - 76) + 150 - (18 - -1).
-35
What is the value of 2 + 17 + 15 + (-23 - 8) + 15?
18
What is -56 + (-7 - -6) + 28 + -18 + -12?
-59
Evaluate -33 - (-78 + -14) - 52.
7
Calculate 71 - -5 - -4 - (112 - (47 - -40)).
55
Calculate 6 - (6 - -2) - (-17 - (-17 + 4 - -2)).
4
Calculate 81 + -42 + 14 + (20 - -1).
74
Evaluate -59 + -1 + (332 - 291).
-19
-23 - (17 + 3 + -66)
23
What is the value of 3 + (10 - 1) + (6 + 3 - 81)?
-60
(-36 + 81 - -36) + -75
6
What is the value of (-9 - (-17 + -13 + 10 + -7)) + -22?
-4
(4 - (-43 - 6) - (-7 + 1 + 1)) + 11
69
What is the value of -44 + -68 + 158 - 140?
-94
What is the value of 13 + (-18 - -11) + 2 + 26?
34
What is the value of -7 + 0 - ((-15 - -70) + -77) - 1?
14
What is 55 + 86 + -154 + -68 + -4 + 4?
-81
Evaluate -3 + (61 - (85 - -14)).
-41
Calculate (-1 - -78 - (-1 + 4)) + (77 + -50 - 34).
67
What is the value of 12 - 2 - (18 - 0 - (79 + 23 + -56))?
38
Evaluate 2 + 13 + 24 - (-7 + 4 + 3).
39
Evaluate (-49 - (-36 - -22)) + 27 - (-53 + 2 + -2).
45
Evaluate (-23 - -33) + -1 + -3 + (-99 - -152).
59
What is -24 + (63 - 81 - (28 + 1)) + (-1 - 8)?
-80
What is (-8 - (10 - 31)) + 60 - (4 - -1)?
68
Calculate 41 + -72 - -92 - 49.
12
-163 + 110 - 95 - -116
-32
What is 215 - 216 - (13 - (0 - (-1 - 2))) - 32?
-43
Calculate 1 + -3 - -3 - (-12 + 17 + 3 + 17).
-24
What is the value of 21 + -46 + 33 + 5?
13
What is -79 - ((-13 - -8) + 5 - -12 - (6 + 3))?
-82
What is -16 + (4 - ((-5 - 3) + 28))?
-32
What is the value of (-2 - 89) + -5815 + 5807?
-99
What is the value of 67 + 81 + (-56 - 13)?
79
Evaluate (-1 - (-4 - 2)) + 25 + (55 - 40) + 23.
68
44 + -156 + (141 - 59)
-30
What is the value of 71 + (4 - (53 + 57))?
-35
What is 0 + 1 - (-2 + 0) - 2 - (1442 - 1488)?
47
-10 + -7 + (-20 - -52) + -6 + 0 - -32
41
What is 14 + -18 + (-94 - (-2 + 0) - -17)?
-79
Evaluate 2 + -54 - -107 - 13.
42
What is the value of (-18 - -12) + 0 + -4 - 1?
-11
Calculate 12 + -24 + 6 + -17 + 5 + -20 + 3.
-35
Calculate -2 - 47 - (-8 + -2 - ((16 - 12) + -8)).
-43
(-45 - -73) + (7 - 21) - (41 - -1)
-28
Evaluate -2081 - -2057 - (-1 - 90).
67
What is 2 - (-16 - (5 + -22)) - -40?
41
Calculate 53 - (113 - -13) - -18.
-55
-7 + -117 - -5 - (-306 - -298)
-111
-29 - (-61 - (71 - 89))
14
66 + -8 + -6 - (-83 + 80)
55
Evaluate 40 + (-180 + 104 - (29 + 6)).
-71
What is 2481 + -2471 - (-14 - 63 - (5 - 2))?
90
Evaluate (-9 - ((-6 - -3) + -22 + 16)) + -5 - 40.
-45
(23 + 5 + 19 + -24 - 88) + 13
-52
What is the value of (-6 - -7) + (-5 - 0 - 0) - (-1265 + 1193)?
68
Evaluate -541 + 119 - -122 - -165.
-135
What is 102 - ((-48 - -80) + -16 + -16)?
102
Evaluate (1 - 4) + (45 - 55) + 33.
20
70 - (-7 - (-17 + (-3 - -2)))
59
Evaluate 100 + (55 - 38) + -62.
55
Calculate -40 - (10 + 0) - ((-8 - -1) + 4 - -9).
-56
What is the value of -3 + (0 - -3) + -20 + 16 + 58 + -60?
-6
What is the value of (3 + -7 - (-16 - -6)) + -12 - (86 + -101)?
9
What is -30 + 73 + (-1 - 1) + (-34 - -46)?
53
Evaluate -1 - 45 - ((0 - 151) + 156).
-51
What is the value of 17 - (-596 + 586 + (-1 - -24))?
4
What is the value of 1 + 23 + (-8 - 10) + -8 + (-1 - -1)?
-2
What is the value of 943 - 925 - ((4 - (2 - 2)) + 4)?
10
What is 13 - (-34 - -91) - -78?
34
Calculate 50 + 132 + -132 - 129.
-79
-66 + (-23 - -67) + 30
8
1 + 14 + 0 + -575 + 560 - -54
54
What is the value of 0 + 73 + -2 + 20 + 18 + -49 + 16?
76
Evaluate 1 - (-23 + (-15 - (-37 - -11)) + 7).
6
What is -11 - (-5 + 37 - 10)?
-33
What is the value of -33 - (-42 + 19) - (1 - 51) - 10?
30
Calculate -3 + (-28 + 5 - -74) + -12 + 14.
50
Evaluate (-22 - 0) + (-442 - -459).
-5
(0 - (-7 + -9 + 9)) + 43 + (-3 - 11)
36
What is 33 - ((45 - 84) + 95)?
-23
22 + 29 - ((-13 - 5) + 18)
51
What is -23 + -44 + 102 + -21 + -1?
13
What is 7 + (-8 - -9) + -8 - -54 - (-2 + 12)?
44
8 + -16 + (6 - 5 - -11) + -8
-4
Evaluate -15 + -29 - -83 - (4 - 1).
36
-8 - (-21 + 32 - (4 + 10) - -6) - 10
-21
-1 - 21 - -33 - -34
45
What is the value of -7 - (11 - 29 - (-4 - (4 + -1)))?
4
-147 + 181 - (-3 + -5 + (-1 - 2))
45
Calculate -60 - -47 - (93 - 7 - 0) - (11 + 0).
-110
Evaluate (-31 + 26 - 53) + 92.
34
-1 + -1 + (-3 - (-12 + -1) - -2) + 69
79
What is the value of -464 - -333 - (8 + -244)?
105
What is the value of (58 + -9 - 6) + (30 - 19) + (-4 - 0)?
50
Evaluate (17 - 5) + 55 + -107.
-40
What is (-52 - -129) + -55 - 19?
3
Calculate -103 - (-36 + -101) - (24 - 3).
13
What is the value of -183 - -151 - ((4 - 11 - -1) + -2)?
-24
Calculate -16 - (1 + 1 + (266 - 280)).
-4
Evaluate -9 - 21 - ((33 - 55) + 3).
-11
1 + (2 - 2) + -53 - (35 - (144 + -117))
-60
Evaluate -50 + (79 - 89 - ((-17 - -2) + (-8 - -9))).
-46
Evaluate -8 + -15 + 2 + -7 + 18 + 2.
-8
Evaluate 65 + -4 + (-125 - -78).
14
Calculate (-8 - (-16 + -12)) + (12 - (3 + 8 - 6)).
27
What is 5 + -5 + 2 + -6 + 7 - (75 - 13)?
-59
Calculate (38 - (-6 - -25) - 23) + 6.
2
Calculate 1 + 5 + -8 + 4 + (-824 - -769).
-53
Calculate -104 + 235 - (-5 + 63).
73
-53 + 228 + -82 + -11
82
Calculate 65 + 18 + -2 + -51 + (-2 - -31).
59
What is the value of -6 - (-32 + 18) - 11 - -10 - -27?
34
(-1 